hat is the value of (-9 - (-26 + 12)) + 6 + -1?
10
(6 - (-9 + 7)) + -7
1
Calculate -4 + 1 + (7 - 4).
0
Calculate -3 - (4 - 14) - 3.
4
What is 7 + (7 - 8) + -5?
1
Calculate 1 - -3 - (5 + -4).
3
Evaluate -3 + (3 - (-6 - 1) - 3).
4
What is (-5 - 7 - -2) + (-1 - -3)?
-8
Calculate 13 - (-4 + 18 + -5).
4
What is (2 - 3) + -2 + (-3 - -1)?
-5
What is the value of (-4 + 1 - -5) + 0?
2
What is the value of 0 + -4 + 2 + 1?
-1
Calculate -1 + 3 + -3 + 2.
1
What is 6 - (11 + -8 - (3 - 1))?
5
Evaluate -8 - (-2 + -2) - -9.
5
Calculate -4 - (3 - 3) - (1 + -1).
-4
What is -15 + 0 - (-25 + 6)?
4
What is the value of 3 - -1 - (3 + -3)?
4
Evaluate (7 - (-4 + 9)) + (1 - 3).
0
Evaluate -3 + -1 + (12 - 9) - -6.
5
Evaluate 4 - -2 - (5 + -4).
5
What is 19 - 11 - (11 + 4)?
-7
Evaluate 7 - (-7 + 16 + 2).
-4
Evaluate 2 + -3 + 1 + 6.
6
1 + 2 - (0 - -4) - 5
-6
What is the value of 67 - 55 - (-1 - -5)?
8
Evaluate 9 + -2 - (-6 + 2 + 8).
3
What is (102 - 95) + (1 - -1) + -2?
7
Calculate (-8 + -1 - 0) + 8.
-1
(35 - 36) + (0 - 0) + 1
0
10 + -15 - (2 + -10)
3
Calculate -1 - (2 - 1 - (36 - 29)).
5
Calculate (14 - 1) + (-63 - -52).
2
(2 - -2) + -2 + -3 - -6
5
28 + -25 - (0 + 0 - -3)
0
Evaluate (3 - 2 - 3) + 3 + -5.
-4
Evaluate -2 + 0 + 1 + -5 + 4.
-2
What is 12 - 10 - (5 + 2 + -4)?
-1
What is 2 - (-5 - -12 - 10)?
5
What is the value of 11 - (-14 + 15) - 9?
1
Calculate -4 - -2 - 1 - (-2 + -1).
0
Calculate 8 + 0 - (4 + 8).
-4
What is -1 + 0 - (3 - 9 - -8)?
-3
What is 2 - (3 - 1) - -2?
2
What is -1 - ((-4 - -5) + -1 - -2)?
-3
4 - (1 - (3 + -2))
4
Calculate -8 + (14 - 22 - -15).
-1
6 + (-8 - (3 + (-11 - 0)))
6
What is -2 - (-4 - 1) - (15 - 7)?
-5
Calculate (4 - (2 + 0 + 5)) + 7.
4
Evaluate 12 + -10 + (6 - 2).
6
Calculate -3 + (0 - -5) + (0 - -1).
3
What is -1 + -2 + (4 - 4) + 0?
-3
Calculate 5 - (-1 - (-1 + -2)).
3
What is 6 + -7 + (-4 - -3 - -9)?
7
-13 - (1 - 11) - -9
6
What is the value of -3 + 6 - (-2 - -2)?
3
What is (-9 - -17 - 9) + 4?
3
Calculate 0 - (0 - 8) - 2 - 3.
3
Evaluate 2 + -6 + (4 - 3).
-3
Calculate 7 - -1 - (-30 - -35).
3
Evaluate -99 + 88 - (1 - (-1 - -7)).
-6
What is the value of 3 + 2 + 3 + 0 + -4?
4
What is the value of -2 - ((4 - -1) + (-5 - -2))?
-4
Calculate (6 - (-1 + 7)) + -5.
-5
Calculate 6 + 0 - (-42 - -43) - 1.
4
Evaluate 3 + -1 + -5 + 4 + -1.
0
What is the value of (17 - (-20 + 13)) + -14?
10
Evaluate -53 + 42 - (-5 + 1).
-7
What is 1 + -4 - 0 - (6 - 8)?
-1
Calculate -9 - ((0 - 1) + -1).
-7
Calculate (2 - (11 + -4)) + (4 - 1).
-2
Evaluate -11 + (-6 - (-22 - 2)).
7
(-3 - 1) + 0 - (1 - 0)
-5
-8 + 4 + -2 + 4 + 0
-2
What is (2 - (1 + 6 - 0)) + 9?
4
What is the value of -3 - (-7 + 9) - -11?
6
Evaluate (7 - 16) + 5 + (7 - 4).
-1
Evaluate (-19 - -5) + (4 - -1) + 1.
-8
(-10 + 4 - -2) + -2
-6
What is (-1 - 9) + 3 + 14?
7
What is the value of (4 - 3) + -3 - (5 + -10)?
3
Evaluate 5 + 1 + -6 + 5.
5
Calculate 2 + -1 - (-8 - -9).
0
4 - (-3 + -4 + 15 + -3)
-1
What is the value of 2 + -2 - (2 + -2 - -1)?
-1
What is (-7 - -7) + (-5 - -2)?
-3
Calculate -1 + (0 - (0 + -3)).
2
Evaluate 5 + (0 - (2 - -5)).
-2
What is -5 + 14 + -4 + -3?
2
Evaluate -2 - (2 - (0 - -5) - 2).
3
What is (6 - (6 + 0)) + 4?
4
What is 1 - (2 - (-1 + 3))?
1
Evaluate 6 - (1 - -1) - (2 - -1).
1
-7 - (-6 + 7 - 8) - -1
1
What is the value of 2 - (4 - (1 + 4))?
3
0 - (1 - (5 + -8 + 10))
6
What is the value of 3 - (4 + -1 + 5) - 0?
-5
Evaluate (0 - 2) + (13 - 8).
3
Calculate (5 - 3) + 0 + -7.
-5
(34 - 34) + (0 - 0) + 3
3
Evaluate 4 + -1 - 0 - 5.
-2
What is the value of 1 + -3 - (-3 - -4)?
-3
Evaluate -30 + 38 - (0 + -1 + 5).
4
-6 - (-2 + 1) - (1 - 1)
-5
What is -4 + ((-3 - -3) + 5 - 7)?
-6
Calculate 7 + -8 + (2 - 1).
0
1 + 3 - 9 - -11
6
What is the value of -7 + (-6 - (-4 - 4))?
-5
-2 + 2 - (3 - (5 - 0))
2
Calculate -2 - (7 + -8 + -1).
0
Calculate -5 + (-1 - (1 + -2 - 4)).
-1
Calculate 1 + -3 + -5 + 4.
-3
What is -5 - (-4 + (-6 - -4) - -6)?
-5
Evaluate -5 + 2 + 6 + 2 + -3.
2
What is -8 + 5 + 0 + 6?
3
What is -4 + 4 + 6 + (-1 - 2)?
3
Calculate -50 + 55 + (-1 + 1 - 13).
-8
Calculate (14 - 9) + (-2 - 6).
-3
Calculate 6 + (4 - 0) + -6 - 9.
-5
4 - (4 + -8 - -3)
5
3 - (-1 - -7 - (5 - 9))
-7
(1 + -3 - -3) + -2 + 2
1
What is (0 - -1) + (14 - 11)?
4
Evaluate 1 - (-3 + (1 - 5) + 10).
-2
What is -5 + 2 + -3 + 6?
0
Calculate 0 + (6 - 11) + 12.
7
Calculate -5 - (-6 + -4) - 1.
4
What is (0 - -2) + (12 - 16)?
-2
What is -1 + 7 - (-20 + 17)?
9
What is the value of -2 + -6 + (17 - 6)?
3
What is the value of 4 - (-2 + -3 - -10)?
-1
What is the value of (2 - -4) + 0 + -4?
2
(2 + 6 - 0) + -15
-7
What is the value of (-1 - -1) + 1 + (-7 - -5)?
-1
Calculate (10 - 3) + (-7 - -3).
3
Calculate -2 + 0 + 0 - (3 - 0).
-5
Evaluate -1 + 1 + -3 + 0.
-3
What is the value of (7 - 15) + 7 + -2?
-3
Calculate -5 + 1 + -2 - -2.
-4
Evaluate (-6 - -10 - 7) + 10.
7
(0 - (7 - 2)) + 9
4
What is the value of 6 - (8 - (17 - 11))?
4
What is (2 - 1) + (-5 - (-1 + 1))?
-4
What is the value of (0 - 1) + (38 - 38)?
-1
What is 1 - (3 + -4 + 1 - 0)?
1
What is the value of 1 + 4 + -4 + -4?
-3
Calculate -1 + 3 + -7 + (4 - -3).
2
Evaluate (1 - -1) + -7 - (4 - 4).
-5
Calculate (-7 - (-10 + 5)) + 0 + 1.
-1
Calculate -9 - -16 - (7 - 1).
1
2 - (-6 - -9 - 4)
3
Calculate (25 - 23) + (-1 - 0).
1
What is the value of -1 + (2 - -2 - -2 - 4)?
1
What is -289 + 303 + (-6 - 0 - 0)?
8
0 - (-8 - 0) - (403 + -401)
6
6 - (1 + 12 + -9)
2
Calculate 9 - (-4 + 3 + 6).
4
Evaluate (10 - (6 + -3) - 5) + 2.
4
What is 3 - ((-6 - 0) + 4 + 14)?
-9
-6 + (1 - (2 - 4))
-3
What is 2 - (8 + (-10 - -5) + 4)?
-5
(1 - (-3 + 0) - 2) + 1
3
Calculate -5 + 0 - (-56 - -52).
-1
Evaluate (7 - 1) + -2 - (10 + -1).
-5
What is the value of 4 + -9 + (2 - (2 - 3))?
-2
What is (-7 - -2) + (-5 - -15)?
5
Evaluate 9 + ((-6 - 2) + -2 - -4).
3
Calculate (1 - 4) + -7 + (-8 - -13).
-5
What is the value of 7 + 0 + -13 - 0?
-6
What is 10 + (5 + 5 - 14)?
6
-5 - -2 - (6 - 4)
-5
What is (-7 - -4) + 2 + 4 + 3?
6
What is 49 - 51 - (0 - 0)?
-2
Evaluate 1 + -9 - (-13 + -3).
8
3 - (-4 + 0 - (4 - 7))
4
What is the value of (10 - 0 - 5) + -4 + 1?
2
0 + -1 + (0 - -6) + 2
7
What is the value of -25 - -21 - (-17 - 0) - 7?
6
What is 2 - (0 + -1 + -2 + 7)?
-2
(-2 - 4 - (11 + -10)) + 6
-1
Evaluate -1 + (-2 - -1) + -2.
-4
Evaluate 9 - 2 - 12 - -5.
0
Evaluate 0 + 4 + -5 + 1 + 7.
7
Calculate 7 - 21 - -3 - -7.
-4
Calculate 4 + -5 + 2 + -3.
-2
Calculate -4 + 6 + (-11 - -9).
0
What is -9 + (17 + 10 - 8)?
10
Evaluate 2 + (-3 - 2 - -2) - 3.
-4
What is 3 + 0 + 8 + -4 - 13?
-6
Evaluate (0 - -3 - 2) + -4 + 3.
0
What is the value of 8 + -4 + -1 + -13 + 5?
-5
What is the value of -1 + 3 + -2 + -2?
-2
What is the value of (2 - (0 - -2)) + -4?
-4
Evaluate -3 + 4 - (-2 + 0) - -1.
4
(1 - 5) + -5 + 6 + -1
-4
Calculate (0 - -5) + -31 + 30.
4
20 + -7 + -2 - 6
5
Evaluate -1 - -2 - (15 + -15) - -10.
11
1 + (-10 + 3 - -1) + 2
-3
What is -2 - (8 + (4 - 13) + 3)?
-4
Calculate (2 - 1) + -5 - (-7 - 2).
5
Calculate (-25 - (-19 - -8)) + 11.
-3
-7 + 0 + (-22 - -24)
-5
Calculate (-7 - 1) + 2 - -10.
4
(3 - 4) + 6 + -1
4
What is the value of -10 + (-1 - -13 - 2)?
0
What is -1 + (-1 + -1 - -6)?
3
What is -4 - (-1 - 0) - (-2 + 0)?
-1
Calculate 49 + -55 + 1 + 7.
2
What is the value of (0 - (0 + 2)) + 1 - 1?
-2
(-4 - -3) + 1 - 2
-2
Evaluate (7 - 1) + -7 + 4.
3
Evaluate 2 - (-4 - (-10 - -1)).
-3
1 + (3 - (5 - 3)) + -2
0
What is the value of -9 - (-13 - -8 - 3)?
-1
Evaluate -1 - (3 - (-7 - -7)).
-4
What is (2 - 0) + -2 + -1 + 6?
5
(1 - -2) + -1 + 1
3
Evaluate (4 - (6 - 3)) + -1.
0
Calculate 1 + (-1 - (4 - 7)).
3
Evaluate 1 + -2 - (-6 - (4 - 6)).
3
Calculate 26 - 19 - (-1 - -6).
2
Evaluate -5 + 0 + 0 + -3 + 7.
-1
Evaluate 8 + (5 - 2) - (20 + -13).
4
Evaluate -6 + (-7 - -19) - 4.
2
Calculate 3 - 5 - (-2 - (1 + 1)).
2
Evaluate -2 - (-1 - (11 + -5 + -12)).
-7
What is 0 - 0 - (1 + (-11 - -4))?
6
What is 5 - (2 + -8 - (-6 + 1))?
6
-3 - (4 + 2 + -7 + -3)
1
Calculate -2 + (2 - -10 - (13 - 12)).
9
Calculate -7 + 4 + (-2 - -2) + 5.
2
Evaluate -3 + (1 - -1) + 0.
-1
Evaluate (0 - (3 + -1)) + (3 - 2).
-1
What is 1 - (-2 + 1) - 2 - -1?
1
What is (-1 - -2 - 4 - -1) + -3?
-5
What is the value of 1 - (-2 + (-1 - -1))?
3
What is the value of (4 + 3 - 7) + 5?
5
Calculate -3 + 2 + 5 + -6.
-2
Evaluate 6 + 0 + -10 - -9.
5
-2 - (12 - (23 - 0))
9
What is the value of 21 + -9 - 4 - -2?
10
What